when 2360 is divided by 67?
15
Calculate the remainder when 13434 is divided by 80.
74
Calculate the remainder when 52249 is divided by 475.
474
Calculate the remainder when 5754 is divided by 99.
12
What is the remainder when 6729 is divided by 68?
65
Calculate the remainder when 69490 is divided by 81.
73
Calculate the remainder when 3651 is divided by 1190.
81
Calculate the remainder when 130507 is divided by 155.
152
What is the remainder when 5673 is divided by 2830?
13
What is the remainder when 164928 is divided by 37?
19
Calculate the remainder when 100990 is divided by 16.
14
Calculate the remainder when 271371 is divided by 32.
11
Calculate the remainder when 92438 is divided by 139.
3
What is the remainder when 6466 is divided by 191?
163
What is the remainder when 90125 is divided by 374?
365
Calculate the remainder when 1179 is divided by 47.
4
What is the remainder when 5959 is divided by 765?
604
Calculate the remainder when 4019 is divided by 17.
7
What is the remainder when 135942 is divided by 67?
66
What is the remainder when 2015849 is divided by 15?
14
What is the remainder when 5829 is divided by 338?
83
Calculate the remainder when 125875 is divided by 281.
268
Calculate the remainder when 3253 is divided by 23.
10
Calculate the remainder when 5020 is divided by 136.
124
Calculate the remainder when 442369 is divided by 5.
4
Calculate the remainder when 10955 is divided by 12.
11
What is the remainder when 470637 is divided by 2544?
2541
Calculate the remainder when 38805 is divided by 19354.
97
What is the remainder when 79376 is divided by 176?
0
What is the remainder when 2436 is divided by 609?
0
Calculate the remainder when 1637 is divided by 153.
107
What is the remainder when 1931 is divided by 238?
27
Calculate the remainder when 7866 is divided by 7183.
683
Calculate the remainder when 115827 is divided by 117.
114
What is the remainder when 4262 is divided by 193?
16
Calculate the remainder when 24314 is divided by 690.
164
What is the remainder when 8678 is divided by 85?
8
What is the remainder when 11503 is divided by 287?
23
What is the remainder when 5046 is divided by 837?
24
Calculate the remainder when 2684 is divided by 2528.
156
What is the remainder when 52353 is divided by 1454?
9
What is the remainder when 34456 is divided by 9?
4
What is the remainder when 7320 is divided by 333?
327
Calculate the remainder when 5099 is divided by 1016.
19
What is the remainder when 8971 is divided by 500?
471
What is the remainder when 1045 is divided by 102?
25
Calculate the remainder when 1895 is divided by 151.
83
Calculate the remainder when 193933 is divided by 496.
493
Calculate the remainder when 903 is divided by 876.
27
What is the remainder when 17063 is divided by 1421?
11
What is the remainder when 18007 is divided by 269?
253
Calculate the remainder when 409899 is divided by 11.
6
What is the remainder when 1169 is divided by 237?
221
Calculate the remainder when 575 is divided by 195.
185
Calculate the remainder when 43074 is divided by 21474.
126
Calculate the remainder when 1112 is divided by 541.
30
What is the remainder when 806046 is divided by 49?
45
Calculate the remainder when 1122 is divided by 79.
16
Calculate the remainder when 9230 is divided by 69.
53
Calculate the remainder when 15285 is divided by 3026.
155
What is the remainder when 81929 is divided by 40876?
177
Calculate the remainder when 3673 is divided by 608.
25
Calculate the remainder when 25095 is divided by 3555.
210
What is the remainder when 46643 is divided by 46626?
17
Calculate the remainder when 3301815 is divided by 17.
7
Calculate the remainder when 13136 is divided by 13056.
80
Calculate the remainder when 3412 is divided by 859.
835
What is the remainder when 106707 is divided by 206?
205
What is the remainder when 1426 is divided by 437?
115
What is the remainder when 36225 is divided by 575?
0
Calculate the remainder when 571 is divided by 152.
115
Calculate the remainder when 7561 is divided by 501.
46
Calculate the remainder when 617893 is divided by 453.
1
Calculate the remainder when 60414 is divided by 472.
470
What is the remainder when 626110 is divided by 64?
62
Calculate the remainder when 822300 is divided by 14426.
18
Calculate the remainder when 121563 is divided by 121546.
17
What is the remainder when 97075 is divided by 933?
43
What is the remainder when 116023 is divided by 65?
63
Calculate the remainder when 15624 is divided by 161.
7
What is the remainder when 252878 is divided by 218?
216
What is the remainder when 1777 is divided by 592?
1
What is the remainder when 19079 is divided by 1230?
629
Calculate the remainder when 64623 is divided by 16125.
123
What is the remainder when 6333 is divided by 6285?
48
What is the remainder when 25352 is divided by 6329?
36
Calculate the remainder when 7458 is divided by 2476.
30
What is the remainder when 690268 is divided by 21?
19
What is the remainder when 37599 is divided by 4?
3
What is the remainder when 54 is divided by 35?
19
What is the remainder when 14191 is divided by 318?
199
Calculate the remainder when 1376 is divided by 17.
16
What is the remainder when 4062 is divided by 139?
31
What is the remainder when 3113 is divided by 2807?
306
Calculate the remainder when 1816 is divided by 440.
56
What is the remainder when 311924 is divided by 103954?
62
Calculate the remainder when 5617 is divided by 255.
7
Calculate the remainder when 205113 is divided by 12.
9
Calculate the remainder when 14492 is divided by 2.
0
What is the remainder when 53086 is divided by 11?
0
Calculate the remainder when 6206 is divided by 194.
192
Calculate the remainder when 21355 is divided by 16.
11
What is the remainder when 4559 is divided by 40?
39
Calculate the remainder when 104950 is divided by 18.
10
Calculate the remainder when 296675 is divided by 622.
603
Calculate the remainder when 112413 is divided by 13.
2
Calculate the remainder when 5736 is divided by 160.
136
What is the remainder when 79557 is divided by 982?
15
Calculate the remainder when 386591 is divided by 50.
41
Calculate the remainder when 6378 is divided by 29.
27
Calculate the remainder when 14532 is divided by 924.
672
What is the remainder when 7126 is divided by 49?
21
Calculate the remainder when 19254 is divided by 6114.
912
What is the remainder when 36980 is divided by 6142?
128
What is the remainder when 33181 is divided by 16?
13
Calculate the remainder when 6923 is divided by 1588.
571
What is the remainder when 3990 is divided by 260?
90
What is the remainder when 2703774 is divided by 38?
36
What is the remainder when 44983 is divided by 489?
484
What is the remainder when 28786 is divided by 1439?
6
What is the remainder when 4126 is divided by 606?
490
Calculate the remainder when 80796 is divided by 40394.
8
What is the remainder when 74085 is divided by 74073?
12
What is the remainder when 10222 is divided by 929?
3
What is the remainder when 694 is divided by 51?
31
What is the remainder when 4410 is divided by 180?
90
What is the remainder when 4128 is divided by 1339?
111
Calculate the remainder when 46640 is divided by 78.
74
Calculate the remainder when 29991 is divided by 2013.
1809
Calculate the remainder when 39253 is divided by 208.
149
What is the remainder when 86368 is divided by 202?
114
Calculate the remainder when 5998 is divided by 30.
28
What is the remainder when 113254 is divided by 18872?
22
Calculate the remainder when 34019 is divided by 30.
29
Calculate the remainder when 242837 is divided by 5059.
5
What is the remainder when 340387 is divided by 113456?
19
Calculate the remainder when 135553 is divided by 671.
11
What is the remainder when 15950 is divided by 3985?
10
Calculate the remainder when 1696 is divided by 554.
34
What is the remainder when 2763 is divided by 400?
363
Calculate the remainder when 11402 is divided by 61.
56
Calculate the remainder when 10148 is divided by 12.
8
Calculate the remainder when 20642 is divided by 1285.
82
Calculate the remainder when 11537 is divided by 30.
17
Calculate the remainder when 17837 is divided by 26.
1
What is the remainder when 48281 is divided by 13?
12
What is the remainder when 13982 is div